tors of o?
2, 3, 5
Let d(p) = -11 - 2*p + 2*p + 10*p + 0*p**2 - p**2. What are the prime factors of d(8)?
5
Suppose -p - x = 1 - 20, -25 = -5*x. Suppose -2*j + 56 = -2*l, -p = -j - 3*l + 2. List the prime factors of j.
5
Let n be 12 - (2 - (0 + 2)). Let r = -7 + n. What are the prime factors of r?
5
Let k = -1 - -3. Suppose -a + 57 = k*a. List the prime factors of a.
19
Suppose n - 2 = 0, 3*z - 2 = -z + 5*n. What are the prime factors of z?
3
Let c(w) = 4*w**2 - w**2 - 2 + 1 + w. What are the prime factors of c(-2)?
3
Suppose 506 = 2*m - 0*j + 4*j, j - 1047 = -4*m. What are the prime factors of m?
263
Let u(j) = -20*j**3 + 2*j**2 + j - 1. What are the prime factors of u(-1)?
2, 5
Let h(y) = -2*y**2 - y + 33. List the prime factors of h(0).
3, 11
Suppose -5 - 25 = -5*s. Suppose -s*h = -h - 95. List the prime factors of h.
19
Let r(p) be the first derivative of p**4/12 + 3*p**3/2 + p**2 - 3*p + 2. Let o(f) be the first derivative of r(f). List the prime factors of o(-9).
2
Let t(g) = 2*g. Let c be t(2). Suppose -4*d + 281 = -l, d + 2*d - 192 = -3*l. Suppose 4*q - 20 = 0, -c*f - 2*q = -q - d. List the prime factors of f.
2
Suppose 3 = 4*i - 9. Suppose -2*l = -4*d - d - 10, -4*d = 0. Suppose i*o = -3*g + 15, 0 = 3*o + l*g - 29 + 10. What are the prime factors of o?
3
Suppose -7*o - 465 = -12*o. What are the prime factors of o?
3, 31
Suppose -4*a = 3*s - 1, -2*a + 2*s + 17 = -1. Let d = -1 + a. Let z = d + 7. List the prime factors of z.
2, 5
Let g = -16 - -18. What are the prime factors of 33 - ((5 - g) + -2)?
2
Let t(b) = -12*b + 8. List the prime factors of t(-4).
2, 7
Suppose 0 = -2*t + 9 + 5. Let v = 15 - t. What are the prime factors of (22/8 - 1)*v?
2, 7
Let v = 13 + -31. Let n = v - -69. List the prime factors of n.
3, 17
Suppose 5*x = -74 + 809. List the prime factors of x.
3, 7
Let a = -5 + -11. What are the prime factors of (-140)/a + 1/4?
3
Let y(x) = 4*x**2 - 2*x. Let q(o) = -9*o**2 + 4*o + 1. Let n(v) = 3*q(v) + 7*y(v). What are the prime factors of n(5)?
2, 3
Let s(j) = -j**3 + 3*j**2 + 2*j + 13. List the prime factors of s(4).
5
List the prime factors of (-170)/(-1) + 6 + -3.
173
Suppose 2*u + 2*u + 108 = -4*k, -u + 147 = -5*k. Suppose 5*b - 5*j - 200 = 0, -214 = -2*b - 3*b - 2*j. Let c = k + b. What are the prime factors of c?
13
Let l(z) = 3*z**2 + 4*z - 22. List the prime factors of l(-7).
97
List the prime factors of (-2)/(-10) + 99/5.
2, 5
Let v = -6 + 13. Suppose -3*f = k - 0*k - 14, 2*k - v = f. Suppose -19 = -a - 3*a - u, -4*u = f*a + 2. What are the prime factors of a?
2, 3
Suppose -39 - 24 = -i. Let f = i + -37. List the prime factors of f.
2, 13
Let z(l) = -3*l + 1. Let p be z(-4). Suppose -k = -3*v - p, -2*k + 13 = -2*v - 5. List the prime factors of k.
7
Suppose 38*w = 35*w + 1026. List the prime factors of w.
2, 3, 19
List the prime factors of (-8)/60 - 1294/(-30).
43
Suppose 3*a = -2*a - 45. Let p = a + 32. What are the prime factors of p?
23
Let t = -29 - -39. List the prime factors of t.
2, 5
Suppose 0 = -8*l + 276 + 356. List the prime factors of l.
79
Let r(z) = z. Let h(f) = 2. Let k(o) = -h(o) - 6*r(o). List the prime factors of k(-2).
2, 5
Suppose 3*y = 2*o - 8 + 4, -5 = -5*y + o. List the prime factors of y.
2
Suppose 2*v + 117 = 5*v. What are the prime factors of v?
3, 13
Let i be 2/(-4)*(-8)/1. Suppose 4*s = b + 3, 3*b - i*b + 29 = 4*s. List the prime factors of b.
13
Suppose 0 = -4*a - 2*a + 798. List the prime factors of a.
7, 19
Let q(i) = 16*i - 8. What are the prime factors of q(3)?
2, 5
Let s(i) = -3*i. Let c be s(-1). Let z be 0/3 - 33/c. Let o = 3 - z. List the prime factors of o.
2, 7
Suppose 3 = 2*s - 15. List the prime factors of s.
3
Let l(r) = -r**2 - 10*r + 2. Suppose -3*s + 2*w - 4 = 0, -4*w + 8 = s - 0*w. Suppose 5*x - 12 + 52 = s. What are the prime factors of l(x)?
2, 3
Let v(o) = -o**3 - 8*o**2 - 2*o + 3. Let z be v(-8). Suppose 4*i - 20 = 0, -m + z = 2*i + 1. What are the prime factors of m?
2
Suppose -58 = -2*p - 3*c, 3*p + 10 = 4*c + 63. What are the prime factors of p?
23
Suppose -2*w = -3*w + 4*v + 7, w - 2*v = 7. Let j = 11 - w. List the prime factors of j.
2
Let z = -5 - -6. Suppose 0 = -5*t + 2*c - z + 6, 1 = t - c. What are the prime factors of (t/(-2))/(2/(-36))?
3
Let s = 55 + -30. Let q = -16 + s. Let w = -5 + q. What are the prime factors of w?
2
Suppose -8 = -3*g - g. Let t = g - -1. List the prime factors of t.
3
Suppose -735 = 4*m - 11*m. List the prime factors of m.
3, 5, 7
Suppose 3*m + 5*t = 7, -2*t = 4*m - 0*t. Suppose d + 3*c = 1, 2*d = d + 2*c - 9. Let l = m - d. List the prime factors of l.
2
Let l(f) = 4*f**2 - 7 + 0*f**3 - f**3 + 8*f + 0*f. Let m = 14 + -9. What are the prime factors of l(m)?
2
Let p be (0/(-6))/(2/2). Let w be (0 - -1) + 10 + p. Suppose 5*t = x + 25, 3*t - 5*x + w = 4. What are the prime factors of t?
2, 3
Suppose 5*a + 3*w + w - 268 = 0, -3*a + 183 = -5*w. Let p = 59 - 57. Suppose 3*d + 4*t - a = -d, p*t = -4*d + 58. What are the prime factors of d?
3, 5
Let q = 0 + 0. Suppose 4*h = 2*t + 12, 2*h + t = 6*t + 6. Let x = h + q. What are the prime factors of x?
3
Let j(h) = -2*h + 6. Let r be j(4). List the prime factors of 5/(5/r)*-3.
2, 3
Let d(l) be the first derivative of l**4/4 - 4*l**3/3 - l**2/2 + 3*l + 4. What are the prime factors of d(5)?
23
Let v = -14 - -18. What are the prime factors of -3*(32/(-6))/v?
2
Let t be (-1)/((-20)/6 - -3). Suppose -t*z + 30 = -30. List the prime factors of z.
2, 5
Let t = -18 + 26. Let w = t + 19. List the prime factors of w.
3
Suppose 3*k = 4*u - 121, -4*k - 120 = -5*u + u. What are the prime factors of u?
31
Let h = -33 - -110. List the prime factors of h.
7, 11
Let w = 3 - -10. What are the prime factors of w?
13
Let a = 4 + 0. Let w be (-36)/a + -1 + 3. Let v = -1 - w. List the prime factors of v.
2, 3
Suppose -100 = 13*y - 9*y. Let k = 5 - y. What are the prime factors of k?
2, 3, 5
Suppose 4*q = -113 + 13. Let u = 36 + q. Let m = -3 + u. What are the prime factors of m?
2
Let i be -5 + 3 + 2 + 18. Suppose -2*u = u - i. Let n = 10 - u. What are the prime factors of n?
2
List the prime factors of (15 + 1 - -3) + -1.
2, 3
Let t(n) = 3*n**3 + 17*n**2 - 6*n - 7. Let h(q) = -7*q**3 - 35*q**2 + 11*q + 14. Let b(a) = 4*h(a) + 9*t(a). List the prime factors of b(12).
17
Let a(h) = h**2 + 4*h + 2. Let s be a(-3). Let o be s + 1 + 1 + 2. Let m = 1 + o. What are the prime factors of m?
2
Suppose -10 + 55 = 2*n - f, 5*n = 5*f + 105. Suppose q = -2*q + n. What are the prime factors of q?
2
Suppose 10*p - 770 = -p. What are the prime factors of p?
2, 5, 7
Let m(a) be the second derivative of -1/2*a**3 - a + 0 + 1/2*a**4 - 1/20*a**5 - 7/2*a**2. List the prime factors of m(5).
3
Suppose -10*k + 154 = k. List the prime factors of k.
2, 7
Suppose -3*v + 4*g + 18 = 0, 0 = -4*v - 5*g - 3 - 4. List the prime factors of (52/6)/(v/3).
13
Let k = -18 - -30. Suppose 4*g - k = 36. List the prime factors of g.
2, 3
Suppose -i - 3*n = -21, -i + 2*i - n = 37. What are the prime factors of i?
3, 11
Let l = -6 - -22. Suppose -l - 14 = -c. List the prime factors of c.
2, 3, 5
Let t(v) = v**3 - 8*v**2 - 8*v + 7. Let j = 11 - 2. List the prime factors of t(j).
2
Let a = 97 + -68. What are the prime factors of a?
29
Let s be (22*-6)/(-3) + -2. Let w = s - 60. Let i = w - -30. List the prime factors of i.
2, 3
Let z be (3/(-6))/(1/10). Let g(v) = 3*v - 3. Let x be g(z). What are the prime factors of ((-6)/x)/(2/12)?
2
Suppose 2*g = 5*r - 384, -g = -5 + 2. What are the prime factors of r?
2, 3, 13
Suppose 0 = l - 5*l + 324. List the prime factors of l.
3
Let o(b) = -b**3 - 4*b**2 + 2*b - 7. Let x = 11 - 16. What are the prime factors of o(x)?
2
Let a be (-4)/6 + (-32)/(-12). List the prime factors of 8/3*(a - -4).
2
Suppose 2*l + 19 = -4*m + 71, 0 = -2*m - 4*l + 26. List the prime factors of m.
13
Suppose 0 = -5*r - 3*x + 419, 4*r + x + 2*x = 337. List the prime factors of r.
2, 41
Suppose -3*n = -103 - 227. List the prime factors of n.
2, 5, 11
Suppose -5*j = 3*v - 16, 0 = -3*v - 2*j - 0*j + 28. What are the prime factors of 80/v*(-3)/(-2)?
2, 5
Suppose -10*p = -9*p - 63. List the prime factors of p.
3, 7
List the prime factors of (12/3 - 5)*(-53)/1.
53
Let f = -51 + 63. What are the prime factors of f?
2, 3
Suppose 0 = 4*s - 0*s + 5*